{"id":1482,"date":"2019-10-02T15:15:39","date_gmt":"2019-10-02T14:15:39","guid":{"rendered":"http:\/\/glazza.eu\/?page_id=1482"},"modified":"2019-10-02T15:15:40","modified_gmt":"2019-10-02T14:15:40","slug":"april-november-2018","status":"publish","type":"page","link":"http:\/\/glazza.eu\/fr\/april-november-2018\/","title":{"rendered":"avril-f\u00e9vrier 2018"},"content":{"rendered":"<p> L\u2019 A.M. Qattan Foundation a invit\u00e9 Mich\u00e8le Vanvlasselaer pour une r\u00e9sidence d&rsquo;artiste \u00e0 Gaza o\u00f9 elle a pass\u00e9 6 mois entre avril et novembre 2018. Avec Nesma Naseem, elle y a organis\u00e9 les <a href=\"https:\/\/www.facebook.com\/pg\/GazanArtSessions\/events\/?ref=page_internal\">Gazan Art Sessions<\/a> .<\/p>","protected":false},"excerpt":{"rendered":"<p>L\u2019 A.M. Qattan Foundation a invit\u00e9 Mich\u00e8le Vanvlasselaer pour une r\u00e9sidence d&rsquo;artiste \u00e0 Gaza o\u00f9 elle a pass\u00e9 6 mois entre avril et novembre 2018. Avec Nesma Naseem, elle y a organis\u00e9 les Gazan Art Sessions .<\/p>\n","protected":false},"author":1,"featured_media":0,"parent":0,"menu_order":0,"comment_status":"closed","ping_status":"closed","template":"","meta":[],"_links":{"self":[{"href":"http:\/\/glazza.eu\/fr\/wp-json\/wp\/v2\/pages\/1482"}],"collection":[{"href":"http:\/\/glazza.eu\/fr\/wp-json\/wp\/v2\/pages"}],"about":[{"href":"http:\/\/glazza.eu\/fr\/wp-json\/wp\/v2\/types\/page"}],"author":[{"embeddable":true,"href":"http:\/\/glazza.eu\/fr\/wp-json\/wp\/v2\/users\/1"}],"replies":[{"embeddable":true,"href":"http:\/\/glazza.eu\/fr\/wp-json\/wp\/v2\/comments?post=1482"}],"version-history":[{"count":1,"href":"http:\/\/glazza.eu\/fr\/wp-json\/wp\/v2\/pages\/1482\/revisions"}],"predecessor-version":[{"id":1483,"href":"http:\/\/glazza.eu\/fr\/wp-json\/wp\/v2\/pages\/1482\/revisions\/1483"}],"wp:attachment":[{"href":"http:\/\/glazza.eu\/fr\/wp-json\/wp\/v2\/media?parent=1482"}],"curies":[{"name":"wp","href":"https:\/\/api.w.org\/{rel}","templated":true}]}}

avril-février 2018

<p> L’ A.M. Qattan Foundation a invité Michèle Vanvlasselaer pour une résidence d&rsquo;artiste à Gaza où elle a passé 6 mois entre avril et novembre 2018. Avec Nesma Naseem, elle y a organisé les <a href="https://www.facebook.com/pg/GazanArtSessions/events/?ref=page_internal">Gazan Art Sessions</a> .</p>

<p>L’ A.M. Qattan Foundation a invité Michèle Vanvlasselaer pour une résidence d&rsquo;artiste à Gaza où elle a passé 6 mois entre avril et novembre 2018. Avec Nesma Naseem, elle y a organisé les Gazan Art Sessions .</p>
